the hundred thousands digit of 1726766?
7
What is the ten thousands digit of 44469?
4
What is the thousands digit of 807036?
7
What is the tens digit of 932211?
1
What is the millions digit of 1970444?
1
What is the tens digit of 334816?
1
What is the tens digit of 1130054?
5
What is the hundreds digit of 1481927?
9
What is the hundreds digit of 311537?
5
What is the hundreds digit of 238471?
4
What is the hundred thousands digit of 6150170?
1
What is the ten thousands digit of 12066461?
6
What is the ten thousands digit of 873233?
7
What is the hundreds digit of 303591?
5
What is the tens digit of 162210?
1
What is the ten millions digit of 19982291?
1
What is the ten thousands digit of 1017537?
1
What is the thousands digit of 68769?
8
What is the hundreds digit of 102847?
8
What is the thousands digit of 213019?
3
What is the thousands digit of 124538?
4
What is the thousands digit of 5106564?
6
What is the hundreds digit of 18720?
7
What is the hundred thousands digit of 3865918?
8
What is the ten thousands digit of 805151?
0
What is the ten thousands digit of 12465901?
6
What is the ten thousands digit of 98614?
9
What is the hundred thousands digit of 313669?
3
What is the thousands digit of 5012156?
2
What is the hundred thousands digit of 708792?
7
What is the units digit of 9055220?
0
What is the hundreds digit of 1119944?
9
What is the thousands digit of 790165?
0
What is the units digit of 284777?
7
What is the tens digit of 848904?
0
What is the ten thousands digit of 230610?
3
What is the thousands digit of 4621374?
1
What is the ten thousands digit of 13050471?
5
What is the hundred thousands digit of 720908?
7
What is the tens digit of 104845?
4
What is the units digit of 22537835?
5
What is the hundred thousands digit of 3574077?
5
What is the thousands digit of 530460?
0
What is the tens digit of 614?
1
What is the tens digit of 19677779?
7
What is the millions digit of 1325103?
1
What is the tens digit of 7324604?
0
What is the units digit of 4478171?
1
What is the units digit of 256933?
3
What is the thousands digit of 222765?
2
What is the thousands digit of 59119?
9
What is the thousands digit of 15912078?
2
What is the hundred thousands digit of 285559?
2
What is the ten thousands digit of 11910024?
1
What is the tens digit of 659585?
8
What is the tens digit of 126742?
4
What is the ten thousands digit of 5918552?
1
What is the units digit of 301465?
5
What is the thousands digit of 230569?
0
What is the hundreds digit of 18866027?
0
What is the millions digit of 3465115?
3
What is the hundreds digit of 1210878?
8
What is the thousands digit of 163236?
3
What is the tens digit of 5690765?
6
What is the ten thousands digit of 10744876?
4
What is the tens digit of 545349?
4
What is the hundred thousands digit of 5929632?
9
What is the hundred thousands digit of 7855663?
8
What is the hundreds digit of 999961?
9
What is the thousands digit of 2543810?
3
What is the millions digit of 12941379?
2
What is the tens digit of 354170?
7
What is the hundred thousands digit of 1060330?
0
What is the ten thousands digit of 31976?
3
What is the ten thousands digit of 361352?
6
What is the thousands digit of 3827312?
7
What is the ten thousands digit of 27487?
2
What is the thousands digit of 32493794?
3
What is the millions digit of 15770040?
5
What is the tens digit of 328735?
3
What is the hundreds digit of 111630?
6
What is the units digit of 237756?
6
What is the tens digit of 20923?
2
What is the thousands digit of 841196?
1
What is the tens digit of 160163?
6
What is the tens digit of 380743?
4
What is the tens digit of 10530036?
3
What is the units digit of 31126574?
4
What is the hundreds digit of 296883?
8
What is the units digit of 240201?
1
What is the units digit of 143660?
0
What is the tens digit of 915179?
7
What is the units digit of 499700?
0
What is the ten thousands digit of 991380?
9
What is the thousands digit of 1509106?
9
What is the tens digit of 6910326?
2
What is the hundreds digit of 83012?
0
What is the tens digit of 2180799?
9
What is the thousands digit of 2508?
2
What is the tens digit of 27414607?
0
What is the hundreds digit of 194189?
1
What is the units digit of 674776?
6
What is the units digit of 10594712?
2
What is the hundreds digit of 1944622?
6
What is the hundred thousands digit of 4421929?
4
What is the hundreds digit of 3950237?
2
What is the ten thousands digit of 120759?
2
What is the ten thousands digit of 1291868?
9
What is the units digit of 11050035?
5
What is the tens digit of 4414284?
8
What is the thousands digit of 498709?
8
What is the units digit of 291829?
9
What is the thousands digit of 131611?
1
What is the hundred thousands digit of 8326909?
3
What is the ten millions digit of 10536920?
1
What is the units digit of 236340?
0
What is the thousands digit of 2293851?
3
What is the ten millions digit of 10768921?
1
What is the hundred thousands digit of 11013848?
0
What is the units digit of 197974?
4
What is the ten thousands digit of 192649?
9
What is the units digit of 713591?
1
What is the units digit of 53983?
3
What is the tens digit of 149417?
1
What is the units digit of 3194770?
0
What is the hundreds digit of 205122?
1
What is the ten thousands digit of 6714790?
1
What is the thousands digit of 259948?
9
What is the ten thousands digit of 3684833?
8
What is the units digit of 893875?
5
What is the hundreds digit of 325919?
9
What is the millions digit of 3770742?
3
What is the thousands digit of 9597287?
7
What is the thousands digit of 782958?
2
What is the units digit of 7371374?
4
What is the ten thousands digit of 189578?
8
What is the hundred thousands digit of 387390?
3
What is the thousands digit of 83782?
3
What is the hundred thousands digit of 17773577?
7
What is the units digit of 9834146?
6
What is the hundred thousands digit of 4931576?
9
What is the tens digit of 2437801?
0
What is the hundreds digit of 4646626?
6
What is the thousands digit of 310101?
0
What is the units digit of 383461?
1
What is the units digit of 3150478?
8
What is the thousands digit of 4604822?
4
What is the millions digit of 26965442?
6
What is the units digit of 97979?
9
What is the thousands digit of 15575008?
5
What is the hundred thousands digit of 252266?
2
What is the units digit of 5180444?
4
What is the tens digit of 6926615?
1
What is the millions digit of 6409015?
6
What is the hundred thousands digit of 1098575?
0
What is the units digit of 6767825?
5
What is the millions digit of 4404957?
4
What is the ten thousands digit of 529361?
2
What is the tens digit of 1166692?
9
What is the units digit of 90348?
8
What is the thousands digit of 745489?
5
What is the tens digit of 1699498?
9
What is the thousands digit of 313302?
3
What is the ten thousands digit of 541037?
4
What is the hundreds digit of 6592604?
6
What is the units digit of 573669?
9
What is the thousands digit of 1456041?
6
What is the tens digit of 25600719?
1
What is the units digit of 10158823?
3
What is the tens digit of 901945?
4
What is the hundreds digit of 23627208?
2
What is the units digit of 44081?
1
What is the hundred thousands digit of 584538?
5
What is the tens digit of 9161767?
6
What is the millions digit of 6450499?
6
What is the thousands digit of 6134266?
4
What is the millions digit of 15454007?
5
What is the thousands digit of 7987367?
7
What is the tens digit of 130025?
2
What is the millions digit of 4646686?
4
What is the thousands digit of 584548?
4
What is the hundreds digit of 100058?
0
What is the thousands digit of 309029?
9
What is the thousands digit of 5203623?
3
What is the hundred thousands digit of 3755855?
7
What is the ten millions digit of 21326856?
2
What is the millions digit of 1001405?
1
What is the tens digit of 3413646?
4
What is the ten millions digit of 18289030?
1
What is the tens digit of 539960?
6
What is the ten millions digit of 14083917?
1
What is the units digit of 4551049?
9
What is the tens digit of 742619?
1
What is the hundreds digit of 42701?
7
What is the ten thousands digit of 7223432?
2
What is the hundred thousands digit of 854656?
8
What is the tens digit of 2562?
6
What is the tens digit of 5389819?
1
What is the units digit of 788264?
4
Wh